3, 29
What are the prime factors of 861?
3, 7, 41
List the prime factors of 18130.
2, 5, 7, 37
List the prime factors of 23961.
3, 7, 163
What are the prime factors of 1286?
2, 643
What are the prime factors of 12298?
2, 11, 13, 43
What are the prime factors of 2163?
3, 7, 103
List the prime factors of 27392.
2, 107
What are the prime factors of 49291?
11, 4481
List the prime factors of 2098.
2, 1049
What are the prime factors of 76598?
2, 38299
List the prime factors of 1604.
2, 401
What are the prime factors of 18827?
67, 281
What are the prime factors of 331?
331
What are the prime factors of 16715?
5, 3343
What are the prime factors of 28?
2, 7
List the prime factors of 8027.
23, 349
What are the prime factors of 2353?
13, 181
List the prime factors of 1385.
5, 277
List the prime factors of 26390.
2, 5, 7, 13, 29
List the prime factors of 338.
2, 13
List the prime factors of 146.
2, 73
What are the prime factors of 14159?
14159
What are the prime factors of 553?
7, 79
List the prime factors of 10459.
10459
List the prime factors of 10088.
2, 13, 97
What are the prime factors of 877?
877
What are the prime factors of 18800?
2, 5, 47
List the prime factors of 15723.
3, 1747
What are the prime factors of 52?
2, 13
List the prime factors of 10676.
2, 17, 157
What are the prime factors of 137975?
5, 5519
What are the prime factors of 11470?
2, 5, 31, 37
What are the prime factors of 3428?
2, 857
List the prime factors of 6772.
2, 1693
What are the prime factors of 9260?
2, 5, 463
What are the prime factors of 1671?
3, 557
List the prime factors of 462.
2, 3, 7, 11
What are the prime factors of 773?
773
What are the prime factors of 3597?
3, 11, 109
List the prime factors of 15388.
2, 3847
What are the prime factors of 804?
2, 3, 67
What are the prime factors of 2028?
2, 3, 13
What are the prime factors of 69246?
2, 3, 3847
List the prime factors of 18521.
18521
What are the prime factors of 8424?
2, 3, 13
What are the prime factors of 2664?
2, 3, 37
List the prime factors of 2344.
2, 293
What are the prime factors of 9871?
9871
What are the prime factors of 3787?
7, 541
List the prime factors of 5565.
3, 5, 7, 53
What are the prime factors of 1546?
2, 773
List the prime factors of 150934.
2, 7, 10781
What are the prime factors of 24920?
2, 5, 7, 89
What are the prime factors of 129812?
2, 17, 23, 83
List the prime factors of 7188.
2, 3, 599
List the prime factors of 6751.
43, 157
List the prime factors of 1530.
2, 3, 5, 17
What are the prime factors of 84805?
5, 7, 2423
List the prime factors of 86165.
5, 19, 907
What are the prime factors of 3324?
2, 3, 277
What are the prime factors of 1512?
2, 3, 7
What are the prime factors of 4961?
11, 41
List the prime factors of 1246.
2, 7, 89
List the prime factors of 70000.
2, 5, 7
List the prime factors of 87043.
11, 41, 193
What are the prime factors of 1315?
5, 263
What are the prime factors of 1592?
2, 199
What are the prime factors of 4021?
4021
List the prime factors of 3606.
2, 3, 601
What are the prime factors of 11093?
11093
List the prime factors of 3364.
2, 29
What are the prime factors of 40438?
2, 20219
What are the prime factors of 413?
7, 59
What are the prime factors of 18524?
2, 11, 421
What are the prime factors of 254?
2, 127
List the prime factors of 5160.
2, 3, 5, 43
List the prime factors of 183.
3, 61
List the prime factors of 1991.
11, 181
List the prime factors of 80283.
3, 7, 3823
List the prime factors of 74512.
2, 4657
List the prime factors of 2713.
2713
What are the prime factors of 270?
2, 3, 5
List the prime factors of 6741.
3, 7, 107
List the prime factors of 14045.
5, 53
List the prime factors of 4100.
2, 5, 41
List the prime factors of 16245.
3, 5, 19
List the prime factors of 116111.
67, 1733
List the prime factors of 58528.
2, 31, 59
What are the prime factors of 68190?
2, 3, 5, 2273
What are the prime factors of 782?
2, 17, 23
List the prime factors of 79136.
2, 2473
What are the prime factors of 2718?
2, 3, 151
List the prime factors of 3285.
3, 5, 73
What are the prime factors of 512?
2
List the prime factors of 134261.
31, 61, 71
What are the prime factors of 10693?
17, 37
List the prime factors of 981.
3, 109
What are the prime factors of 161?
7, 23
What are the prime factors of 2467?
2467
List the prime factors of 19078.
2, 9539
List the prime factors of 2504.
2, 313
List the prime factors of 2370.
2, 3, 5, 79
What are the prime factors of 150?
2, 3, 5
What are the prime factors of 31000?
2, 5, 31
What are the prime factors of 2778?
2, 3, 463
What are the prime factors of 2576?
2, 7, 23
List the prime factors of 82230.
2, 3, 5, 2741
List the prime factors of 96028.
2, 24007
List the prime factors of 11289.
3, 53, 71
List the prime factors of 4033.
37, 109
What are the prime factors of 48001?
23, 2087
List the prime factors of 65601.
3, 37, 197
What are the prime factors of 2662?
2, 11
List the prime factors of 2766.
2, 3, 461
List the prime factors of 2735.
5, 547
What are the prime factors of 14590?
2, 5, 1459
What are the prime factors of 1355?
5, 271
What are the prime factors of 43697?
37, 1181
What are the prime factors of 62391?
3, 7, 2971
List the prime factors of 445.
5, 89
What are the prime factors of 808?
2, 101
List the prime factors of 2156.
2, 7, 11
What are the prime factors of 2487?
3, 829
What are the prime factors of 26332?
2, 29, 227
List the prime factors of 15494.
2, 61, 127
List the prime factors of 8258.
2, 4129
List the prime factors of 2112.
2, 3, 11
List the prime factors of 44.
2, 11
List the prime factors of 13086.
2, 3, 727
List the prime factors of 4157.
4157
List the prime factors of 6966.
2, 3, 43
What are the prime factors of 2248?
2, 281
List the prime factors of 90232.
2, 11279
What are the prime factors of 3505?
5, 701
What are the prime factors of 32954?
2, 16477
List the prime factors of 34545.
3, 5, 7, 47
What are the prime factors of 115885?
5, 7, 11, 43
List the prime factors of 1866.
2, 3, 311
List the prime factors of 5553.
3, 617
List the prime factors of 8040.
2, 3, 5, 67
What are the prime factors of 7527?
3, 13, 193
What are the prime factors of 7298?
2, 41, 89
What are the prime factors of 4023?
3, 149
List the prime factors of 2603.
19, 137
What are the prime factors of 1315?
5, 263
What are the prime factors of 707?
7, 101
List the prime factors of 29696.
2, 29
List the prime factors of 1452.
2, 3, 11
What are the prime factors of 30326?
2, 59, 257
List the prime factors of 6713.
7, 137
List the prime factors of 4145.
5, 829
What are the prime factors of 32177?
23, 1399
List the prime factors of 968.
2, 11
What are the prime factors of 71542?
2, 35771
What are the prime factors of 44800?
2, 5, 7
List the prime factors of 3066.
2, 3, 7, 73
List the prime factors of 34684.
2, 13, 23, 29
What are the prime factors of 51894?
2, 3, 31
What are the prime factors of 30391?
30391
What are the prime factors of 2734?
2, 1367
What are the prime factors of 70177?
70177
What are the prime factors of 366?
2, 3, 61
What are the prime factors of 1889?
1889
List the prime factors of 13673.
11, 113
List the prime factors of 3099.
3, 1033
List the prime factors of 3873.
3, 1291
What are the prime factors of 743?
743
List the prime factors of 17415.
3, 5, 43
What are the prime factors of 409?
409
What are the prime factors of 881?
881
List the prime factors of 15935.
5, 3187
List the prime factors of 34964.
2, 8741
What are the prime factors of 11173?
11173
What are the prime factors of 25528?
2, 3191
List the prime factors of 2273.
2273
What are the prime factors of 9300?
2, 3, 5, 31
What are the prime factors of 7329?
3, 7, 349
What are the prime factors of 1120?
2, 5, 7
List the prime factors of 3580.
2, 5, 179
What are the prime factors of 14137?
67, 211
What are the prime factors of 967?
967
What are the prime factors of 79252?
2, 19813
What are the prime factors of 1956?
2, 3, 163
What are the prime factors of 64223?
64223
What are the prime factors of 16880?
2, 5, 211
What are the prime factors of 4513?
4513
What are the prime factors of 3067?
3067
List the prime factors of 2670.
2, 3, 5, 89
What are the prime factors of 6116?
2, 11, 139
What are the prime factors of 22283?
22283
What are the prime factors of 3499?
349